300*a**2 - 3539*a + 706. Determine n(-12).
-26
Let s(d) = 2*d**3 - 150*d**2 + 144*d + 175. Calculate s(74).
-121
Let q(s) = -57263*s - 1317156. Give q(-23).
-107
Let b(q) = -3*q**2 + 937*q + 31522. Give b(343).
-34
Let l(m) = 54*m**2 - 12799*m + 442. Give l(237).
205
Let i(n) = n**3 + 59*n**2 - 367*n - 18148. Calculate i(-60).
272
Let m(f) = 44960*f - 21221112. Give m(472).
8
Let o(z) = 663*z + 14951. Give o(-14).
5669
Let n(z) = 3*z**2 + 9*z - 547. What is n(17)?
473
Let m(y) = 9*y**2 - 79*y + 1. Give m(9).
19
Let n(k) = 2*k**2 - 11201*k - 157204. Determine n(-14).
2
Let a(f) = -f**3 + 2*f**2 - 28*f + 138. Give a(8).
-470
Let h(m) = 91*m**3 - 1274*m**2 - 29*m + 457. What is h(14)?
51
Let d(u) = 3*u**3 + 414*u**2 - 5*u - 605. What is d(-138)?
85
Let z(o) = 46*o + 1204. Calculate z(-19).
330
Let i(p) = p**2 + 19*p - 1152. Give i(-39).
-372
Let y(l) = -51*l**2 - 882*l + 2659. Determine y(3).
-446
Let z(x) = -x**2 + 1141*x + 11514. What is z(-10)?
4
Let r(q) = -14*q**3 + 505*q**2 + 2887*q - 105220. Determine r(36).
8
Let u(v) = -75*v**2 - 594*v - 901. Give u(-2).
-13
Let y(a) = -1192117*a + 4768492. Determine y(4).
24
Let g(h) = 112*h**3 + 1482*h**2 - 1199*h + 19. Give g(-14).
-51
Let z(w) = -2*w**2 + 6083*w + 30418. Determine z(-5).
-47
Let k(o) = 1499*o**2 - 26978*o - 46. Determine k(18).
26
Let t(j) = j**3 + 68*j**2 + 133*j + 71. Determine t(-66).
5
Let x(j) = 6*j**2 - 204*j - 116. What is x(33)?
-314
Let k(h) = -2*h**3 + 260*h**2 + 2150*h + 8075. Give k(138).
71
Let t(i) = i**3 - 100*i**2 - 2271*i + 284. Give t(119).
-906
Let p(u) = 2353*u - 70594. What is p(30)?
-4
Let c(a) = 111832*a - 3802294. What is c(34)?
-6
Let v(q) = 31005*q - 5270870. Calculate v(170).
-20
Let o(h) = 35857*h**2 + 2832702*h - 78. What is o(-79)?
1
Let i(f) = -f**3 + 634*f**2 + 1314*f - 26641. What is i(636)?
71
Let p(q) = -76*q**2 - 20380*q - 3221. Give p(-268).
-5
Let n(c) = 8628*c - 224320. What is n(26)?
8
Let m(f) = 2322*f + 2194287. Give m(-945).
-3
Let u(k) = 3380*k + 33796. What is u(-10)?
-4
Let a(m) = -13*m**3 + 1493*m**2 + 215*m - 188. What is a(115)?
-1913
Let j(a) = a**3 - 62*a**2 + 541*a. Give j(10).
210
Let r(c) = -151988*c - 4559659. Give r(-30).
-19
Let w(p) = p**3 + 10*p**2 - 341*p - 3793. Give w(-12).
11
Let u(w) = w**3 + 36*w**2 - 2288*w + 568. Determine u(33).
205
Let j(z) = -z**3 + 8*z**2 - 376*z + 1077. Give j(3).
-6
Let r(u) = 5869*u + 76280. What is r(-13)?
-17
Let c(w) = 31469*w + 63043. Give c(-2).
105
Let s(y) = -87*y**2 + 7*y + 604. Calculate s(0).
604
Let b(j) = j**3 + 44*j**2 + 188*j - 1936. Give b(-11).
-11
Let c(d) = -690*d**2 + 6890*d + 118. Determine c(10).
18
Let z(w) = 541*w + 75199. Determine z(-139).
0
Let i(y) = 27*y**3 - 295*y**2 - 50*y + 275. Calculate i(11).
-33
Let i(r) = -34*r**2 - 346*r - 55. Calculate i(-10).
5
Let l(q) = 959*q - 63656. Give l(68).
1556
Let z(m) = -m**3 - 4*m**2 + 324*m + 2092. Determine z(-7).
-29
Let a(r) = r**3 - 25*r**2 + 132*r - 152. Calculate a(9).
-260
Let p(f) = -10*f**2 + 726*f - 8895. Determine p(57).
-3
Let z(t) = 82200*t + 657639. What is z(-8)?
39
Let i(b) = -9*b**3 + 116*b**2 - 7*b + 99. Calculate i(13).
-161
Let w(x) = -2214*x - 4170. Give w(-3).
2472
Let i(l) = 533*l - 15016. Determine i(33).
2573
Let v(c) = 36*c - 2569. Calculate v(71).
-13
Let a(m) = -16*m**2 + 29118*m + 29113. Give a(-1).
-21
Let c(a) = -108*a**2 + 254*a + 13. Calculate c(2).
89
Let x(l) = -723*l + 95500. Determine x(132).
64
Let h(k) = -k**3 - 26*k**2 + 107*k + 2179. Determine h(-24).
-1541
Let s(g) = -9*g**2 - 10*g + 117. Determine s(14).
-1787
Let p(f) = -134*f + 30528. What is p(229)?
-158
Let s(j) = 5*j**2 + 16708*j + 133559. Calculate s(-8).
215
Let t(o) = -122*o - 1014. Calculate t(16).
-2966
Let h(n) = n**3 - 12*n**2 - 406*n - 1234. What is h(28)?
-58
Let j(t) = -3281*t**2 + 9819*t + 45. Determine j(3).
-27
Let y(u) = 1599*u - 185430. Determine y(116).
54
Let f(j) = -37*j**3 - 280*j**2 + 127*j - 48. Give f(-8).
-40
Let t(l) = l**2 - 1957*l + 360708. Give t(206).
2
Let z(w) = 7*w**2 + 325*w + 3401. Give z(-11).
673
Let t(f) = -f**3 - 16*f**2 - 46*f + 6. Calculate t(-8).
-138
Let c(f) = -672*f + 176727. Give c(263).
-9
Let p(d) = d**2 - 898886*d - 13483517. Determine p(-15).
-2
Let k(m) = 92*m + 20786. Calculate k(-240).
-1294
Let h(j) = -2579*j + 621589. Determine h(241).
50
Let l(v) = 436*v**2 - 2619*v + 39. Determine l(6).
21
Let n(p) = -332*p + 9806. Calculate n(30).
-154
Let c(s) = 237*s**2 - 684*s - 684. Calculate c(-1).
237
Let a(u) = -u**3 + 814*u**2 - 10437*u + 19214. Determine a(801).
-10
Let c(x) = -2752*x - 165111. Calculate c(-60).
9
Let r(u) = -275*u**2 + 173*u - 26. Give r(1).
-128
Let b(d) = -4*d**3 - 42*d**2 + 124*d + 579. What is b(-12)?
-45
Let o(l) = 110*l**3 - 1316*l**2 - 40*l + 9. Determine o(12).
105
Let q(f) = -f**3 + 36*f**2 - 254*f - 20. Determine q(6).
-464
Let a(h) = -2*h**2 - 2265*h - 15863. What is a(-7)?
-106
Let m(q) = -2*q**2 - 23005*q - 985409. What is m(-43)?
108
Let b(s) = -s**3 + 138*s**2 + 863*s - 19. Determine b(-6).
-13
Let u(i) = -i**2 + 3028*i + 97520. Give u(-32).
-400
Let s(x) = -x**3 - 5*x**2 + 2331*x + 16218. Give s(-7).
-1
Let k(x) = -1895*x + 49275. What is k(26)?
5
Let s(r) = -36403*r - 1492541. Give s(-41).
-18
Let v(j) = j**3 + 21*j**2 + 90*j + 117. Determine v(-18).
-531
Let x(b) = -376*b - 12224. Calculate x(-32).
-192
Let g(d) = -d**2 + 123*d - 2855. Calculate g(38).
375
Let k(b) = -2*b**3 - 276*b**2 - 290*b - 2114. What is k(-137)?
78
Let p(s) = 7*s**2 + 401*s - 6808. What is p(-71)?
8
Let t(u) = -u**2 + 12852*u - 1. Determine t(0).
-1
Let q(h) = h**2 + 496*h + 61217. What is q(-272)?
289
Let b(h) = 271*h - 64748. Calculate b(239).
21
Let b(m) = -2*m**2 + 83*m + 1111. Determine b(56).
-513
Let q(p) = -p**3 - 238*p**2 - 2733*p + 26. Calculate q(-12).
278
Let s(f) = -10037*f + 230953. Give s(23).
102
Let i(j) = j**3 + 2*j**2 - 33121*j - 350. Calculate i(181).
12
Let f(y) = 924171*y - 36042664. Determine f(39).
5
Let g(v) = -v**3 + 71*v**2 + 214*v + 133. Determine g(-2).
-3
Let f(d) = 2*d**3 + 33*d**2 - 451*d + 383. What is f(-25)?
1033
Let p(s) = 1328*s - 165836. Determine p(125).
164
Let d(o) = o**3 + 19*o**2 - 79*o - 76. Calculate d(-22).
210
Let v(w) = -11674*w + 162098. Determine v(14).
-1338
Let v(w) = -7381*w + 95858. Determine v(13).
-95
Let j(b) = -b**2 - 460*b - 35498. Determine j(-98).
-22
Let u(r) = 3724*r - 160131. Calculate u(43).
1
Let k(x) = 33*x**2 - 12*x - 12. What is k(-6)?
1248
Let h(j) = j**2 + 21926*j + 2117408. Calculate h(-97).
-5
Let t(m) = -80*m**2 + 32177*m - 6852. What is t(402)?
-18
Let b(k) = -24*k + 1564. Give b(54).
268
Let q(w) = 182*w**2 + 5449*w + 253. What is q(-30)?
583
Let g(z) = -17312*z + 35323. Calculate g(2).
699
Let j(x) = 4*x**2 - 79*x + 528. What is j(8)?
152
Let f(p) = -134*p - 12161. What is f(-71)?
-2647
Let y(i) = -1093858*i + 57974483. Give y(53).
9
Let b(s) = -s**3 + 65*s**2 - 383*s + 193. Determine b(5).
-222
Let q(v) = 6091*v - 737028. Give q(121).
-17
Let s(i) = -1093*i + 51083. What is s(47)?
-288
Let j(y) = -26*y**2 + 1476*y - 2475. Calculate j(55).
55
Let o(m) = -301*m**2 + 9954*m - 684. Calculate o(33).
9
Let z(k) = 21*k**3 + 567*k**2 + 2*k + 29. Give z(-27).
-25
Let t(s) = 5*s**2 + 516*s + 13306. What is t(-53)?
3
Let i(s) = 12*s**2 - 74*s - 983. Calculate i(13).
83
Let x(k) = 3*k**3 - 67*k**2 - 33*k + 1223. Calculate x(22).
13
Let i(f) = -75*f**2 + 2196*f - 111. Give i(29).
498
Let l(w) = 850*w - 9293. What is l(11)?
57
Let r(g) = 4*g**3 - 39*g**2 + 170*g - 132. What is r(1)?
3
Let w(q) = 35*q**2 + 1599*q + 11554. Determine w(-9).
-2
Let x(s) = -s**2 + 335*s - 17506. Give x(73).
1620
Let r(b) = b**2 - 1564*b - 9232. What is r(-6)?
188
Let y(v) = 254*v**2 + 389*v - 11474. Determine y(6).
4
Let z(o) = -74*o**2 + 166*o - 17. Calculate z(2).
19
Let k(m) = 109*m + 7423. Calculate k(-60).
883
Let i(r) = -1258*r + 503221. What is i(400)?
21
Let f(r) = -14953*r + 268441. What is f(18)?
-713
Let i(a) = -114*a**2 + 551*a + 11. Calculate i(5).
-84
Let p(v) = 98*v**2 - 86*v + 87. Give p(4).
1311
Let c(o) = 385*o + 32221. Determine c(-76).
2961
Let l(p) = -251*p + 4636. What is l(18)?
118
Let z(p) = 14*p**3 + 218*p**2 - 691*p - 12160. Calculate z(-15).
5
Let r(b) = -10902*b + 65499. Calculate r(6).
87
Let d(k) = 